e units digit of m(q)?
2
Let n(u) = -u**2 - 37*u - 47. What is the units digit of n(-21)?
9
Suppose 4*y = o + 25, 25 - 2 = 4*y + o. Let j = 9 - y. Let n(r) = 2*r**2 - 5*r + 4. What is the units digit of n(j)?
7
Let x = -56 + 86. Suppose 0*m - 5*m - x = 0. What is the units digit of 18/4 - 3/m?
5
Let w be (1 - -1) + -3 + 33. Let b(y) = -y - 3. Let h be b(-5). Suppose -h*n + 5*r = 7 - w, 2*r + 6 = 0. What is the units digit of n?
5
Let c be 16*1 + -2 + 2. Let j = -14 + c. What is the units digit of j?
2
Let i(p) = -65*p - 65. Let n(b) = 8*b + 8. Let k(x) = -3*i(x) - 25*n(x). Let o be k(-6). Suppose o = 3*z - 23. What is the tens digit of z?
1
Suppose -3*b = z - 15 - 13, 3*z + 5*b - 72 = 0. What is the tens digit of -2 - z*4/(-4)?
1
Let r be -20*(-2)/(5 + 3). Suppose c - r*o + 32 = 4*c, c = -o + 12. What is the tens digit of c?
1
Suppose -30 = -2*n - 3*n. Let v = n - 5. What is the units digit of v?
1
Let m = 8 + -11. Let c = 13 + m. What is the units digit of c?
0
Let l(r) = -5*r + 4. Let j be l(-8). Suppose 5*b - j = 6. What is the units digit of b?
0
Suppose -2*u + 45 = 5*k, 0 = u - 7*k + 4*k - 17. Let g be (-2)/(-8) + 15/u. What is the units digit of -1 - (0 - (g + 1))?
1
Suppose 2*o + 4*s - 12 = -40, 5*o + 106 = -s. Let y be 0 - (o - (-1 - -2)). Suppose 3*b - x + 2*x = y, b - x = 13. What is the units digit of b?
9
Let q(k) = k**2 - 34*k + 74. What is the units digit of q(32)?
0
Let u(b) = -b**3 + 9*b**2 - 9*b + 11. Let q be u(8). Suppose 0 = -q*n + 3 + 3. What is the units digit of n?
2
Let q = -3 - -2. Let t(c) = -47*c**2 - c. Let y be t(q). What is the units digit of 8/24 - y/6?
8
Suppose -9 - 21 = -d. What is the tens digit of d?
3
Suppose 0 = w - 28 + 1. Suppose -2*l + w = 5. What is the tens digit of l?
1
Let w(o) be the second derivative of 1/20*o**5 + 2*o + 0*o**2 + 0 + 1/4*o**4 - 1/3*o**3. What is the units digit of w(-3)?
6
Let a(x) = x**2 - x - 1. Let d(w) = w**3 - 11*w**2 + 4*w + 2. Let q(g) = -6*a(g) - d(g). Let o be q(5). What is the units digit of 90/21 + (-4)/o?
4
Let v = 174 + -96. What is the tens digit of v?
7
Let v be (-9)/(-4) + (-9)/36. Suppose -v*s = -11 - 1. What is the units digit of s?
6
Suppose -2*k + 10 = -2*a - 4, 4*k = -2*a + 16. Suppose -17 = -k*f + 3. Suppose -v = -f*x - 5*v + 36, 4*v = 20. What is the units digit of x?
4
Suppose u - 81 - 100 = w, -5*u + 921 = 3*w. What is the hundreds digit of u?
1
Suppose -2*d = w - 0 - 6, -2*w = 2*d - 8. Suppose -3*o = -12, -w*m + 5*m - 65 = -2*o. What is the units digit of m?
9
Let l(g) = g**3 - 11*g**2 + 3*g - 15. Let v be l(11). What is the tens digit of 100/6 - 12/v?
1
Let k(b) = -3*b - 11. Let x(l) = -l - 1. Let w(z) = -k(z) + 4*x(z). What is the tens digit of w(-5)?
1
Suppose -4*a = -4*z + 12, a - 37 + 10 = -5*z. Suppose -h + 13 - 151 = -4*x, a*h = -x + 30. What is the tens digit of x?
3
Let k = -231 + 162. Let h = 1 - k. Suppose -2*n + 2*l + 22 = -0*n, 5*n - h = 2*l. What is the units digit of n?
6
Suppose k - 273 = -2*r, 4*r - k - 4*k = 539. Suppose -o + 54 = 2*z, 5*z + 0*o - r = -3*o. Suppose m + 13 = x - 0*m, -z = -2*x + m. What is the units digit of x?
3
Let d be 2 - 2/(1 - 2). What is the units digit of d/18 + (-16)/(-9)?
2
Suppose 0 = -2*b + 2*h - 4, -3*b + 34 = -0*h + 5*h. Suppose b*w = -29 + 128. Suppose k = -2*k + w. What is the units digit of k?
1
Suppose 16 = -c + 5*r, -c - 4*r - 12 = -8*r. Suppose -55 = -v - c*v. What is the units digit of v?
1
Let p(c) = c**3 + 4*c**2 + 3*c + 2. Let o = -3 - 0. What is the units digit of p(o)?
2
Suppose 2*j - 9 = 3. What is the units digit of j?
6
Suppose -3*p + 100 + 86 = 0. What is the units digit of p?
2
Let r(s) = s**2 - s + 5. Let l be r(0). Suppose -n - 29 = -f - 9, -3*f = -l*n - 66. What is the units digit of f?
7
Let h(c) = -c**2 - 1. Let t(v) = -v**3 - 5*v**2 + 4*v + 12. Let o(n) = -2*h(n) - t(n). What is the tens digit of o(-7)?
1
Let n(b) = -b + 1. Let d be n(3). Let m(p) = 2*p**2 + 3*p + 3. What is the units digit of m(d)?
5
Suppose 2*g = 12*g - 3480. What is the tens digit of g?
4
Suppose 3*q + 524 = 7*q. What is the hundreds digit of q?
1
Suppose -k + 3*k = 4. Suppose 5*l - 48 = 2*l + 3*v, 80 = 5*l - k*v. What is the units digit of l?
6
Let a = 29 + -10. What is the tens digit of a?
1
Suppose 3*h - 122 + 44 = 0. What is the tens digit of h?
2
Let y(b) = -b**2 + 6*b - 2. Let o be y(5). Let c(x) = -2*x**3 + 2*x + x**2 - 2 - 2*x**2 - 4*x + o*x. What is the units digit of c(-2)?
8
Let o = 70 - 25. What is the tens digit of o?
4
Let r(l) = 13*l - 64. What is the units digit of r(19)?
3
Suppose 5*l - 2 = -i + 2, 0 = -5*i + 2*l - 34. What is the tens digit of (i/(-18))/((-2)/(-102))?
1
Let s = 13 + -10. Suppose -s*c + 10 + 62 = 0. What is the units digit of c?
4
Let p = 538 - 382. What is the tens digit of p?
5
Let a be 4*(4 + -2)/4. What is the units digit of a/(-4)*(-2 - 8)?
5
Suppose 0 = -d - t + 3 - 4, 2*t = d + 7. Let k = -2 - d. What is the units digit of k?
1
Let g(n) = n**2 + 8*n + 7. What is the units digit of g(-10)?
7
Suppose 0 = s - 0*s - 1. Suppose 17 = 4*m + s. Suppose -2*a + 4*z = -18, 2*a + a - 21 = m*z. What is the units digit of a?
3
Let z(u) = -u**3 + u**2 - u + 2. Let m be z(0). Suppose h - m*h + 35 = 0. What is the units digit of h?
5
Suppose -a = -0 + 6. Let d(m) = -3*m - 7. What is the units digit of d(a)?
1
Suppose 0 = h - 0 - 22. What is the tens digit of h?
2
Suppose -3*y + 195 = -2*y. What is the units digit of y?
5
Suppose -2*x - k + 0*k = -60, -x + 16 = 4*k. What is the tens digit of x?
3
Let g(w) = 2*w - 3 + 0*w - 3*w. Suppose 4*d + 12 = -4. What is the units digit of g(d)?
1
Suppose -3*j = -4*a + 5 - 2, -4*a = 2*j + 2. Let r = -1 + 8. What is the units digit of r/(7/6) + j?
5
Suppose 0 = 2*i - 0*i + 3*l - 10, 0 = 4*i + 5*l - 20. Suppose -2*v + 29 = i*k, 0 = 2*k + 2*v - 8. What is the units digit of k?
7
Let z(i) = i**3 + 10*i**2 + i + 7. Let c be z(-10). Let q = 8 + c. What is the units digit of q?
5
Let y be (0 - 1)/(-4 + 3). What is the units digit of y*(4 + -3) + 8?
9
Let p = 36 - 24. Let m(s) = -s**3 - 5*s**2 - 6*s - 4. Let t be m(-4). What is the units digit of t/6 + 52/p?
5
Let c = -11 + 20. Let v = c + 3. What is the tens digit of v?
1
Let b(j) = 11*j**2 - 10*j - 20. What is the tens digit of b(-3)?
0
Let p = 6 + -20. Let o(r) = -r - 13. What is the units digit of o(p)?
1
Suppose -3*l = 5*h - 10, -2*l + 1 = -5*h + 36. Suppose 4*u + 30 = 2*b, h*b - 10 - 20 = u. Suppose -b*m + 11 = 1. What is the units digit of m?
2
Let b = -1 + 13. Suppose -3*r + b = 3*s, -3*r + 3*s + 11 = -7. What is the units digit of r?
5
Let w = 22 - 18. What is the units digit of w?
4
Suppose 0 = 2*x - 4*v + 12, 0 = 3*x - 4*v + v + 3. Suppose 3*d - 37 = x*m, 2*d + 2*m = 7*d - 85. What is the tens digit of d?
1
Suppose 0 = 4*m + 8, 0 = n - 2*m - 57 - 50. What is the hundreds digit of n?
1
Suppose -b + 4*v = -52, 3*b - 89 = v + 23. What is the tens digit of b?
3
Suppose -2*z + 2*v = -v - 14, -10 = 5*v. Let d be (z*1)/(-5 - -6). What is the units digit of 2 - d - (-1 - 7)?
6
Suppose -90 = -9*v + 7*v. What is the tens digit of v?
4
Let p be ((-2)/(-4))/(-1)*0. Let i be (-2 + 11 - 2) + -3. Suppose -i*w + 36 = -p*w. What is the units digit of w?
9
Let o(j) = 2*j - 2. Let g be o(4). Suppose g*n - 47 = -5*h + 2*n, -4*n - 19 = -h. What is the tens digit of h?
1
Suppose -4*p - 3 = -19. Suppose 0*q = q - p. Suppose q*r - 5*u - 44 = 0, -3*u - 32 + 2 = -3*r. What is the units digit of r?
6
Suppose -4*y + 5*y = 0. Suppose -k + 5*c + 26 = y, -6*k - 2*c + 61 = -3*k. What is the tens digit of k?
2
Let s = -9 + 12. Suppose 0*n - s*n = -3. What is the units digit of n?
1
Let c be (4/(-8))/((-3)/(-36)). Let a = 19 + c. What is the units digit of a?
3
Let r be 24/6*19/2. Let u = r - 21. What is the units digit of u?
7
Suppose 0 = 3*q - 4*x - 34, 3*x = 6*x + 3. Suppose -2*m - 2*g + 6*g + 16 = 0, -q = -3*m - g. What is the units digit of m?
4
Let h(n) = -n**3 + 6*n**2 + 2*n + 5. What is the tens digit of h(6)?
1
Let u be 6/(-2)*(4 + -5). What is the units digit of u/(1 + (2 - 2))?
3
Let q(p) = -2*p - 1. Let k be q(-2). Let u(w) = 4*w**2 - 5 + 2*w - w**k + 1 + 0. What is the units digit of u(4)?
4
What is the tens digit of 1/(2 - (-201)/(-101))?
0
Suppose -7 - 13 = -2*c. Let x be 128/c + 1/5. Suppose x + 32 = 5*n. What is th